{"id":1901,"date":"2023-02-02T13:38:18","date_gmt":"2023-02-02T13:38:18","guid":{"rendered":"https:\/\/ksan.me\/?page_id=1901"},"modified":"2023-02-23T15:28:10","modified_gmt":"2023-02-23T15:28:10","slug":"elementor-1901","status":"publish","type":"page","link":"https:\/\/ksan.me\/?page_id=1901","title":{"rendered":"MNE energy Mix 2023 &#8211; Advantages And disandvantages"},"content":{"rendered":"\t\t<div data-elementor-type=\"wp-page\" data-elementor-id=\"1901\" class=\"elementor elementor-1901\">\n\t\t\t\t\t\t<section class=\"elementor-section elementor-top-section elementor-element elementor-element-f76fd93 elementor-section-boxed elementor-section-height-default elementor-section-height-default\" data-id=\"f76fd93\" data-element_type=\"section\" data-e-type=\"section\">\n\t\t\t\t\t\t<div class=\"elementor-container elementor-column-gap-default\">\n\t\t\t\t\t<div class=\"elementor-column elementor-col-100 elementor-top-column elementor-element elementor-element-215daae\" data-id=\"215daae\" data-element_type=\"column\" data-e-type=\"column\">\n\t\t\t<div class=\"elementor-widget-wrap elementor-element-populated\">\n\t\t\t\t\t\t<div class=\"elementor-element elementor-element-564919a elementor-widget elementor-widget-heading\" data-id=\"564919a\" data-element_type=\"widget\" data-e-type=\"widget\" data-widget_type=\"heading.default\">\n\t\t\t\t<div class=\"elementor-widget-container\">\n\t\t\t\t\t<h1 class=\"elementor-heading-title elementor-size-large\">mNE Energy Mix 2023 - nau\u010dna konferencija za studente! PRIJAVI SE!<\/h1>\t\t\t\t<\/div>\n\t\t\t\t<\/div>\n\t\t\t\t\t<\/div>\n\t\t<\/div>\n\t\t\t\t\t<\/div>\n\t\t<\/section>\n\t\t\t\t<section class=\"elementor-section elementor-top-section elementor-element elementor-element-642f551 elementor-section-boxed elementor-section-height-default elementor-section-height-default\" data-id=\"642f551\" data-element_type=\"section\" data-e-type=\"section\">\n\t\t\t\t\t\t<div class=\"elementor-container elementor-column-gap-default\">\n\t\t\t\t\t<div class=\"elementor-column elementor-col-100 elementor-top-column elementor-element elementor-element-932a554\" data-id=\"932a554\" data-element_type=\"column\" data-e-type=\"column\">\n\t\t\t<div class=\"elementor-widget-wrap elementor-element-populated\">\n\t\t\t\t\t\t<div class=\"elementor-element elementor-element-67a641e elementor-widget elementor-widget-text-editor\" data-id=\"67a641e\" data-element_type=\"widget\" data-e-type=\"widget\" data-widget_type=\"text-editor.default\">\n\t\t\t\t<div class=\"elementor-widget-container\">\n\t\t\t\t\t\t\t\t\t<p>Pozivamo sve zainteresovane studente <strong>osnovnih i master<\/strong> studija da se prijave za u\u010de\u0161\u0107e na konferenciji <strong>\u201e<\/strong><strong>Montenegro Energy Mix \u2013 advantages and disadvantages<\/strong><strong>\u201c <\/strong>koja \u0107e se odr\u017eati u periodu o<strong>d 10. do 12. marta 2023. godine u Pljevljima<\/strong>. Cilj okupljenih oko ove ideje jeste edukacija mladih o zna\u010daju jedne od najva\u017enijih privrednih grana \u2013 energetike, njenoj povezanosti sa drugim tehnolo\u0161ko-tehni\u010dkim naukama i uticaju koji ima na medicinu i zdravlje ljudi.<\/p><p>Prisutni \u0107e imati priliku da govore o problemima sa kojima se susre\u0107e na\u0161 energetski sistem i to sa stanovi\u0161ta oblasti koje su njima bliske. Svojim znanjem i kreativnim idejama \u0107e imati \u0161ansu da daju doprinos u prevazila\u017eenju postoje\u0107ih problema, ali i pobolj\u0161anju onih dobrih strana ove privredne grane u na\u0161oj zemlji.<\/p>\t\t\t\t\t\t\t\t<\/div>\n\t\t\t\t<\/div>\n\t\t\t\t\t<\/div>\n\t\t<\/div>\n\t\t\t\t\t<\/div>\n\t\t<\/section>\n\t\t\t\t<section class=\"elementor-section elementor-top-section elementor-element elementor-element-e0f57fa elementor-section-boxed elementor-section-height-default elementor-section-height-default\" data-id=\"e0f57fa\" data-element_type=\"section\" data-e-type=\"section\">\n\t\t\t\t\t\t<div class=\"elementor-container elementor-column-gap-default\">\n\t\t\t\t\t<div class=\"elementor-column elementor-col-100 elementor-top-column elementor-element elementor-element-5226cf7\" data-id=\"5226cf7\" data-element_type=\"column\" data-e-type=\"column\">\n\t\t\t<div class=\"elementor-widget-wrap elementor-element-populated\">\n\t\t\t\t\t\t<div class=\"elementor-element elementor-element-cb367db elementor-arrows-position-inside elementor-pagination-position-outside elementor-widget elementor-widget-image-carousel\" data-id=\"cb367db\" data-element_type=\"widget\" data-e-type=\"widget\" data-settings=\"{&quot;pause_on_hover&quot;:&quot;no&quot;,&quot;pause_on_interaction&quot;:&quot;no&quot;,&quot;autoplay_speed&quot;:20,&quot;speed&quot;:1000,&quot;navigation&quot;:&quot;both&quot;,&quot;autoplay&quot;:&quot;yes&quot;,&quot;infinite&quot;:&quot;yes&quot;}\" data-widget_type=\"image-carousel.default\">\n\t\t\t\t<div class=\"elementor-widget-container\">\n\t\t\t\t\t\t\t<div class=\"elementor-image-carousel-wrapper swiper\" role=\"region\" aria-roledescription=\"carousel\" aria-label=\"Image Carousel\" dir=\"rtl\">\n\t\t\t<div class=\"elementor-image-carousel swiper-wrapper swiper-image-stretch\" aria-live=\"off\">\n\t\t\t\t\t\t\t\t<div class=\"swiper-slide\" role=\"group\" aria-roledescription=\"slide\" aria-label=\"1 of 8\"><figure class=\"swiper-slide-inner\"><img decoding=\"async\" class=\"swiper-slide-image\" src=\"https:\/\/ksan.me\/wp-content\/uploads\/2023\/02\/1.png\" alt=\"1\" \/><\/figure><\/div><div class=\"swiper-slide\" role=\"group\" aria-roledescription=\"slide\" aria-label=\"2 of 8\"><figure class=\"swiper-slide-inner\"><img decoding=\"async\" class=\"swiper-slide-image\" src=\"https:\/\/ksan.me\/wp-content\/uploads\/2023\/02\/2.png\" alt=\"2\" \/><\/figure><\/div><div class=\"swiper-slide\" role=\"group\" aria-roledescription=\"slide\" aria-label=\"3 of 8\"><figure class=\"swiper-slide-inner\"><img decoding=\"async\" class=\"swiper-slide-image\" src=\"https:\/\/ksan.me\/wp-content\/uploads\/2023\/02\/3.png\" alt=\"3\" \/><\/figure><\/div><div class=\"swiper-slide\" role=\"group\" aria-roledescription=\"slide\" aria-label=\"4 of 8\"><figure class=\"swiper-slide-inner\"><img decoding=\"async\" class=\"swiper-slide-image\" src=\"https:\/\/ksan.me\/wp-content\/uploads\/2023\/02\/4.png\" alt=\"4\" \/><\/figure><\/div><div class=\"swiper-slide\" role=\"group\" aria-roledescription=\"slide\" aria-label=\"5 of 8\"><figure class=\"swiper-slide-inner\"><img decoding=\"async\" class=\"swiper-slide-image\" src=\"https:\/\/ksan.me\/wp-content\/uploads\/2023\/02\/8.png\" alt=\"8\" \/><\/figure><\/div><div class=\"swiper-slide\" role=\"group\" aria-roledescription=\"slide\" aria-label=\"6 of 8\"><figure class=\"swiper-slide-inner\"><img decoding=\"async\" class=\"swiper-slide-image\" src=\"https:\/\/ksan.me\/wp-content\/uploads\/2023\/02\/5.png\" alt=\"5\" \/><\/figure><\/div><div class=\"swiper-slide\" role=\"group\" aria-roledescription=\"slide\" aria-label=\"7 of 8\"><figure class=\"swiper-slide-inner\"><img decoding=\"async\" class=\"swiper-slide-image\" src=\"https:\/\/ksan.me\/wp-content\/uploads\/2023\/02\/7.png\" alt=\"7\" \/><\/figure><\/div><div class=\"swiper-slide\" role=\"group\" aria-roledescription=\"slide\" aria-label=\"8 of 8\"><figure class=\"swiper-slide-inner\"><img decoding=\"async\" class=\"swiper-slide-image\" src=\"https:\/\/ksan.me\/wp-content\/uploads\/2023\/02\/6.png\" alt=\"6\" \/><\/figure><\/div>\t\t\t<\/div>\n\t\t\t\t\t\t\t\t\t\t\t\t<div class=\"elementor-swiper-button elementor-swiper-button-prev\" role=\"button\" tabindex=\"0\">\n\t\t\t\t\t\t<i aria-hidden=\"true\" class=\"eicon-chevron-left\"><\/i>\t\t\t\t\t<\/div>\n\t\t\t\t\t<div class=\"elementor-swiper-button elementor-swiper-button-next\" role=\"button\" tabindex=\"0\">\n\t\t\t\t\t\t<i aria-hidden=\"true\" class=\"eicon-chevron-right\"><\/i>\t\t\t\t\t<\/div>\n\t\t\t\t\n\t\t\t\t\t\t\t\t\t<div class=\"swiper-pagination\"><\/div>\n\t\t\t\t\t\t\t\t\t<\/div>\n\t\t\t\t\t\t<\/div>\n\t\t\t\t<\/div>\n\t\t\t\t<div class=\"elementor-element elementor-element-3676ba3 elementor-widget elementor-widget-text-editor\" data-id=\"3676ba3\" data-element_type=\"widget\" data-e-type=\"widget\" data-widget_type=\"text-editor.default\">\n\t\t\t\t<div class=\"elementor-widget-container\">\n\t\t\t\t\t\t\t\t\t<p>Prilikom aplikacije, studenti dostavljaju kratak nau\u010dno-istra\u017eiva\u010dki rad u vidu seminarskog rada \u010dija forma pisanja i pravila mo\u017eete preuzeti na dnu ove stranice. &nbsp;<strong>Temu i naziv rada bira sam u\u010desnik<\/strong>, pri \u010demu odabir nije uslovljen studijskim programom koji kanditat poha\u0111a (npr. student&nbsp; elektrotehni\u010dkog fakulteta mo\u017ee odabrati temu koja je svrstana u grupu \u201eenergetika i gra\u0111evinarstvo\u201c i sl.). Neke od oblasti iz kojih je mogu\u0107e odbrati temu se nalaze u nastavku, pri \u010demu <strong>kandidati imaju mogu\u0107nost prijavljivanja rada i iz oblasti koja nije navedena<\/strong>, a koja se idejno uklapa u temu same konferencije.<\/p>\n<p><b>Rok za prijavu je 25. 02. 2023. godine u pono\u0107, radove slati u word i pdf formatu na mail <\/b><u><a href=\"mailto: paper@ksan.me\">paper@ksan.me<\/a>&nbsp;.<\/u><\/p>\n<p>Uz rad koji treba da bude imenovan <em>&#8220;Ime_Prezime_MNEEnergyMix<\/em>&#8220;, u mail-u je potrebno navesti i slede\u0107e podatke: naslov rada (tema), ime i prezime kandidata, univerzitet, fakultet, godinu studija, dr\u017eavu i grad iz koje kandidat dolazi. Nakon toga slijedi proces selekcije kada \u0107e 10 najboljih izboriti pravo da izla\u017eu svoj rad na konferenciji 10. ili 11. marta. <strong>Obezbije\u0111en je besplatan smje\u0161taj, hrana i kotizacija, a tro\u0161kovi prevoza \u0107e biti naknadno refundirani.<\/strong><\/p>\n<p>Odabrani kandidati su izborili i svoje mjesto na <strong>panel diskusiji<\/strong> koja \u0107e biti odr\u017eana poslednjeg dana, 12. 03. 2023. gdje \u0107e o aktuelnim problemima iz ove oblasti govoriti <strong>istaknuti predstavnici najve\u0107ih energetskih subjekata Crne Gore,<\/strong> <strong>kao i \u010dlanovi akademske zajednice<\/strong>&nbsp;koji \u0107e sa zadovoljstvom odgovarati na postavljena pitanja.<\/p>\t\t\t\t\t\t\t\t<\/div>\n\t\t\t\t<\/div>\n\t\t\t\t\t<\/div>\n\t\t<\/div>\n\t\t\t\t\t<\/div>\n\t\t<\/section>\n\t\t\t\t<section class=\"elementor-section elementor-top-section elementor-element elementor-element-10e668b elementor-section-boxed elementor-section-height-default elementor-section-height-default\" data-id=\"10e668b\" data-element_type=\"section\" data-e-type=\"section\">\n\t\t\t\t\t\t<div class=\"elementor-container elementor-column-gap-default\">\n\t\t\t\t\t<div class=\"elementor-column elementor-col-50 elementor-top-column elementor-element elementor-element-61604b2\" data-id=\"61604b2\" data-element_type=\"column\" data-e-type=\"column\">\n\t\t\t<div class=\"elementor-widget-wrap elementor-element-populated\">\n\t\t\t\t\t\t<div class=\"elementor-element elementor-element-1de5fc0 elementor-align-center elementor-widget elementor-widget-button\" data-id=\"1de5fc0\" data-element_type=\"widget\" data-e-type=\"widget\" data-widget_type=\"button.default\">\n\t\t\t\t<div class=\"elementor-widget-container\">\n\t\t\t\t\t\t\t\t\t<div class=\"elementor-button-wrapper\">\n\t\t\t\t\t<a class=\"elementor-button elementor-button-link elementor-size-sm\" href=\"http:\/\/ksan.me\/wp-content\/uploads\/2023\/02\/MNE-Energy-Mix-Predlozene-teme.pdf\">\n\t\t\t\t\t\t<span class=\"elementor-button-content-wrapper\">\n\t\t\t\t\t\t\t\t\t<span class=\"elementor-button-text\">Spisak oblasti -  teme<\/span>\n\t\t\t\t\t<\/span>\n\t\t\t\t\t<\/a>\n\t\t\t\t<\/div>\n\t\t\t\t\t\t\t\t<\/div>\n\t\t\t\t<\/div>\n\t\t\t\t\t<\/div>\n\t\t<\/div>\n\t\t\t\t<div class=\"elementor-column elementor-col-50 elementor-top-column elementor-element elementor-element-b322098\" data-id=\"b322098\" data-element_type=\"column\" data-e-type=\"column\">\n\t\t\t<div class=\"elementor-widget-wrap elementor-element-populated\">\n\t\t\t\t\t\t<div class=\"elementor-element elementor-element-8d4cf93 elementor-align-center elementor-widget elementor-widget-button\" data-id=\"8d4cf93\" data-element_type=\"widget\" data-e-type=\"widget\" data-widget_type=\"button.default\">\n\t\t\t\t<div class=\"elementor-widget-container\">\n\t\t\t\t\t\t\t\t\t<div class=\"elementor-button-wrapper\">\n\t\t\t\t\t<a class=\"elementor-button elementor-button-link elementor-size-sm\" href=\"http:\/\/ksan.me\/wp-content\/uploads\/2023\/02\/Template-za-izradu-rada.docx\">\n\t\t\t\t\t\t<span class=\"elementor-button-content-wrapper\">\n\t\t\t\t\t\t\t\t\t<span class=\"elementor-button-text\">Template za izradu rada<\/span>\n\t\t\t\t\t<\/span>\n\t\t\t\t\t<\/a>\n\t\t\t\t<\/div>\n\t\t\t\t\t\t\t\t<\/div>\n\t\t\t\t<\/div>\n\t\t\t\t\t<\/div>\n\t\t<\/div>\n\t\t\t\t\t<\/div>\n\t\t<\/section>\n\t\t\t\t<section class=\"elementor-section elementor-top-section elementor-element elementor-element-72670ea elementor-section-boxed elementor-section-height-default elementor-section-height-default\" data-id=\"72670ea\" data-element_type=\"section\" data-e-type=\"section\">\n\t\t\t\t\t\t<div class=\"elementor-container elementor-column-gap-default\">\n\t\t\t\t\t<div class=\"elementor-column elementor-col-100 elementor-top-column elementor-element elementor-element-be28d89\" data-id=\"be28d89\" data-element_type=\"column\" data-e-type=\"column\">\n\t\t\t<div class=\"elementor-widget-wrap elementor-element-populated\">\n\t\t\t\t\t\t<div class=\"elementor-element elementor-element-b0e0233 elementor-widget elementor-widget-text-editor\" data-id=\"b0e0233\" data-element_type=\"widget\" data-e-type=\"widget\" data-widget_type=\"text-editor.default\">\n\t\t\t\t<div class=\"elementor-widget-container\">\n\t\t\t\t\t\t\t\t\t<p>Za sve dodatne informacije i potencijalne nedoumice budite slobodni da nam se obratite putem mail adrese\u00a0<a href=\"mailto:office@ksan.me\">office@ksan.me<\/a>\u00a0.<\/p>\t\t\t\t\t\t\t\t<\/div>\n\t\t\t\t<\/div>\n\t\t\t\t\t<\/div>\n\t\t<\/div>\n\t\t\t\t\t<\/div>\n\t\t<\/section>\n\t\t\t\t<\/div>\n\t\t","protected":false},"excerpt":{"rendered":"<p>mNE Energy Mix 2023 &#8211; nau\u010dna konferencija za studente! PRIJAVI SE! Pozivamo sve zainteresovane studente osnovnih i master studija da se prijave za u\u010de\u0161\u0107e na konferenciji \u201eMontenegro Energy Mix \u2013 advantages and disadvantages\u201c koja \u0107e se odr\u017eati u periodu od 10. do 12. marta 2023. godine u Pljevljima. Cilj okupljenih oko ove ideje jeste edukacija &hellip;<\/p>\n<p class=\"read-more\"> <a class=\"\" href=\"https:\/\/ksan.me\/?page_id=1901\"> <span class=\"screen-reader-text\">MNE energy Mix 2023 &#8211; Advantages And disandvantages<\/span> Read More &raquo;<\/a><\/p>\n","protected":false},"author":1,"featured_media":0,"parent":0,"menu_order":0,"comment_status":"closed","ping_status":"closed","template":"","meta":{"om_disable_all_campaigns":false,"_monsterinsights_skip_tracking":false,"_monsterinsights_sitenote_active":false,"_monsterinsights_sitenote_note":"","_monsterinsights_sitenote_category":0,"site-sidebar-layout":"no-sidebar","site-content-layout":"page-builder","ast-main-header-display":"","ast-hfb-above-header-display":"","ast-hfb-below-header-display":"","ast-hfb-mobile-header-display":"","site-post-title":"disabled","ast-breadcrumbs-content":"","ast-featured-img":"disabled","footer-sml-layout":"","theme-transparent-header-meta":"","adv-header-id-meta":"","stick-header-meta":"","header-above-stick-meta":"","header-main-stick-meta":"","header-below-stick-meta":"","footnotes":""},"class_list":["post-1901","page","type-page","status-publish","hentry"],"aioseo_notices":[],"yoast_head":"<!-- This site is optimized with the Yoast SEO plugin v27.3 - https:\/\/yoast.com\/product\/yoast-seo-wordpress\/ -->\n<title>MNE energy Mix 2023 - Advantages And disandvantages - www.ksan.me<\/title>\n<meta name=\"robots\" content=\"index, follow, max-snippet:-1, max-image-preview:large, max-video-preview:-1\" \/>\n<link rel=\"canonical\" href=\"https:\/\/ksan.me\/?page_id=1901\" \/>\n<meta property=\"og:locale\" content=\"en_US\" \/>\n<meta property=\"og:type\" content=\"article\" \/>\n<meta property=\"og:title\" content=\"MNE energy Mix 2023 - Advantages And disandvantages - www.ksan.me\" \/>\n<meta property=\"og:description\" content=\"mNE Energy Mix 2023 &#8211; nau\u010dna konferencija za studente! PRIJAVI SE! Pozivamo sve zainteresovane studente osnovnih i master studija da se prijave za u\u010de\u0161\u0107e na konferenciji \u201eMontenegro Energy Mix \u2013 advantages and disadvantages\u201c koja \u0107e se odr\u017eati u periodu od 10. do 12. marta 2023. godine u Pljevljima. Cilj okupljenih oko ove ideje jeste edukacija &hellip; MNE energy Mix 2023 &#8211; Advantages And disandvantages Read More &raquo;\" \/>\n<meta property=\"og:url\" content=\"https:\/\/ksan.me\/?page_id=1901\" \/>\n<meta property=\"og:site_name\" content=\"www.ksan.me\" \/>\n<meta property=\"article:modified_time\" content=\"2023-02-23T15:28:10+00:00\" \/>\n<meta property=\"og:image\" content=\"http:\/\/ksan.me\/wp-content\/uploads\/2023\/02\/1.png\" \/>\n<meta name=\"twitter:card\" content=\"summary_large_image\" \/>\n<meta name=\"twitter:label1\" content=\"Est. reading time\" \/>\n\t<meta name=\"twitter:data1\" content=\"2 minutes\" \/>\n<script type=\"application\/ld+json\" class=\"yoast-schema-graph\">{\"@context\":\"https:\\\/\\\/schema.org\",\"@graph\":[{\"@type\":\"WebPage\",\"@id\":\"https:\\\/\\\/ksan.me\\\/?page_id=1901\",\"url\":\"https:\\\/\\\/ksan.me\\\/?page_id=1901\",\"name\":\"MNE energy Mix 2023 - Advantages And disandvantages - www.ksan.me\",\"isPartOf\":{\"@id\":\"https:\\\/\\\/ksan.me\\\/#website\"},\"primaryImageOfPage\":{\"@id\":\"https:\\\/\\\/ksan.me\\\/?page_id=1901#primaryimage\"},\"image\":{\"@id\":\"https:\\\/\\\/ksan.me\\\/?page_id=1901#primaryimage\"},\"thumbnailUrl\":\"http:\\\/\\\/ksan.me\\\/wp-content\\\/uploads\\\/2023\\\/02\\\/1.png\",\"datePublished\":\"2023-02-02T13:38:18+00:00\",\"dateModified\":\"2023-02-23T15:28:10+00:00\",\"breadcrumb\":{\"@id\":\"https:\\\/\\\/ksan.me\\\/?page_id=1901#breadcrumb\"},\"inLanguage\":\"en-US\",\"potentialAction\":[{\"@type\":\"ReadAction\",\"target\":[\"https:\\\/\\\/ksan.me\\\/?page_id=1901\"]}]},{\"@type\":\"ImageObject\",\"inLanguage\":\"en-US\",\"@id\":\"https:\\\/\\\/ksan.me\\\/?page_id=1901#primaryimage\",\"url\":\"https:\\\/\\\/ksan.me\\\/wp-content\\\/uploads\\\/2023\\\/02\\\/1.png\",\"contentUrl\":\"https:\\\/\\\/ksan.me\\\/wp-content\\\/uploads\\\/2023\\\/02\\\/1.png\",\"width\":1080,\"height\":1080},{\"@type\":\"BreadcrumbList\",\"@id\":\"https:\\\/\\\/ksan.me\\\/?page_id=1901#breadcrumb\",\"itemListElement\":[{\"@type\":\"ListItem\",\"position\":1,\"name\":\"Home\",\"item\":\"https:\\\/\\\/ksan.me\\\/\"},{\"@type\":\"ListItem\",\"position\":2,\"name\":\"MNE energy Mix 2023 &#8211; Advantages And disandvantages\"}]},{\"@type\":\"WebSite\",\"@id\":\"https:\\\/\\\/ksan.me\\\/#website\",\"url\":\"https:\\\/\\\/ksan.me\\\/\",\"name\":\"www.ksan.me\",\"description\":\"NVU Korak sa naukom\",\"publisher\":{\"@id\":\"https:\\\/\\\/ksan.me\\\/#organization\"},\"potentialAction\":[{\"@type\":\"SearchAction\",\"target\":{\"@type\":\"EntryPoint\",\"urlTemplate\":\"https:\\\/\\\/ksan.me\\\/?s={search_term_string}\"},\"query-input\":{\"@type\":\"PropertyValueSpecification\",\"valueRequired\":true,\"valueName\":\"search_term_string\"}}],\"inLanguage\":\"en-US\"},{\"@type\":\"Organization\",\"@id\":\"https:\\\/\\\/ksan.me\\\/#organization\",\"name\":\"www.ksan.me\",\"url\":\"https:\\\/\\\/ksan.me\\\/\",\"logo\":{\"@type\":\"ImageObject\",\"inLanguage\":\"en-US\",\"@id\":\"https:\\\/\\\/ksan.me\\\/#\\\/schema\\\/logo\\\/image\\\/\",\"url\":\"https:\\\/\\\/ksan.me\\\/wp-content\\\/uploads\\\/2022\\\/05\\\/cropped-KSAN-Logo-polo-majica-naprijed-.png\",\"contentUrl\":\"https:\\\/\\\/ksan.me\\\/wp-content\\\/uploads\\\/2022\\\/05\\\/cropped-KSAN-Logo-polo-majica-naprijed-.png\",\"width\":1333,\"height\":444,\"caption\":\"www.ksan.me\"},\"image\":{\"@id\":\"https:\\\/\\\/ksan.me\\\/#\\\/schema\\\/logo\\\/image\\\/\"}}]}<\/script>\n<!-- \/ Yoast SEO plugin. -->","yoast_head_json":{"title":"MNE energy Mix 2023 - Advantages And disandvantages - www.ksan.me","robots":{"index":"index","follow":"follow","max-snippet":"max-snippet:-1","max-image-preview":"max-image-preview:large","max-video-preview":"max-video-preview:-1"},"canonical":"https:\/\/ksan.me\/?page_id=1901","og_locale":"en_US","og_type":"article","og_title":"MNE energy Mix 2023 - Advantages And disandvantages - www.ksan.me","og_description":"mNE Energy Mix 2023 &#8211; nau\u010dna konferencija za studente! PRIJAVI SE! Pozivamo sve zainteresovane studente osnovnih i master studija da se prijave za u\u010de\u0161\u0107e na konferenciji \u201eMontenegro Energy Mix \u2013 advantages and disadvantages\u201c koja \u0107e se odr\u017eati u periodu od 10. do 12. marta 2023. godine u Pljevljima. Cilj okupljenih oko ove ideje jeste edukacija &hellip; MNE energy Mix 2023 &#8211; Advantages And disandvantages Read More &raquo;","og_url":"https:\/\/ksan.me\/?page_id=1901","og_site_name":"www.ksan.me","article_modified_time":"2023-02-23T15:28:10+00:00","og_image":[{"url":"http:\/\/ksan.me\/wp-content\/uploads\/2023\/02\/1.png","type":"","width":"","height":""}],"twitter_card":"summary_large_image","twitter_misc":{"Est. reading time":"2 minutes"},"schema":{"@context":"https:\/\/schema.org","@graph":[{"@type":"WebPage","@id":"https:\/\/ksan.me\/?page_id=1901","url":"https:\/\/ksan.me\/?page_id=1901","name":"MNE energy Mix 2023 - Advantages And disandvantages - www.ksan.me","isPartOf":{"@id":"https:\/\/ksan.me\/#website"},"primaryImageOfPage":{"@id":"https:\/\/ksan.me\/?page_id=1901#primaryimage"},"image":{"@id":"https:\/\/ksan.me\/?page_id=1901#primaryimage"},"thumbnailUrl":"http:\/\/ksan.me\/wp-content\/uploads\/2023\/02\/1.png","datePublished":"2023-02-02T13:38:18+00:00","dateModified":"2023-02-23T15:28:10+00:00","breadcrumb":{"@id":"https:\/\/ksan.me\/?page_id=1901#breadcrumb"},"inLanguage":"en-US","potentialAction":[{"@type":"ReadAction","target":["https:\/\/ksan.me\/?page_id=1901"]}]},{"@type":"ImageObject","inLanguage":"en-US","@id":"https:\/\/ksan.me\/?page_id=1901#primaryimage","url":"https:\/\/ksan.me\/wp-content\/uploads\/2023\/02\/1.png","contentUrl":"https:\/\/ksan.me\/wp-content\/uploads\/2023\/02\/1.png","width":1080,"height":1080},{"@type":"BreadcrumbList","@id":"https:\/\/ksan.me\/?page_id=1901#breadcrumb","itemListElement":[{"@type":"ListItem","position":1,"name":"Home","item":"https:\/\/ksan.me\/"},{"@type":"ListItem","position":2,"name":"MNE energy Mix 2023 &#8211; Advantages And disandvantages"}]},{"@type":"WebSite","@id":"https:\/\/ksan.me\/#website","url":"https:\/\/ksan.me\/","name":"www.ksan.me","description":"NVU Korak sa naukom","publisher":{"@id":"https:\/\/ksan.me\/#organization"},"potentialAction":[{"@type":"SearchAction","target":{"@type":"EntryPoint","urlTemplate":"https:\/\/ksan.me\/?s={search_term_string}"},"query-input":{"@type":"PropertyValueSpecification","valueRequired":true,"valueName":"search_term_string"}}],"inLanguage":"en-US"},{"@type":"Organization","@id":"https:\/\/ksan.me\/#organization","name":"www.ksan.me","url":"https:\/\/ksan.me\/","logo":{"@type":"ImageObject","inLanguage":"en-US","@id":"https:\/\/ksan.me\/#\/schema\/logo\/image\/","url":"https:\/\/ksan.me\/wp-content\/uploads\/2022\/05\/cropped-KSAN-Logo-polo-majica-naprijed-.png","contentUrl":"https:\/\/ksan.me\/wp-content\/uploads\/2022\/05\/cropped-KSAN-Logo-polo-majica-naprijed-.png","width":1333,"height":444,"caption":"www.ksan.me"},"image":{"@id":"https:\/\/ksan.me\/#\/schema\/logo\/image\/"}}]}},"_links":{"self":[{"href":"https:\/\/ksan.me\/index.php?rest_route=\/wp\/v2\/pages\/1901","targetHints":{"allow":["GET"]}}],"collection":[{"href":"https:\/\/ksan.me\/index.php?rest_route=\/wp\/v2\/pages"}],"about":[{"href":"https:\/\/ksan.me\/index.php?rest_route=\/wp\/v2\/types\/page"}],"author":[{"embeddable":true,"href":"https:\/\/ksan.me\/index.php?rest_route=\/wp\/v2\/users\/1"}],"replies":[{"embeddable":true,"href":"https:\/\/ksan.me\/index.php?rest_route=%2Fwp%2Fv2%2Fcomments&post=1901"}],"version-history":[{"count":69,"href":"https:\/\/ksan.me\/index.php?rest_route=\/wp\/v2\/pages\/1901\/revisions"}],"predecessor-version":[{"id":2013,"href":"https:\/\/ksan.me\/index.php?rest_route=\/wp\/v2\/pages\/1901\/revisions\/2013"}],"wp:attachment":[{"href":"https:\/\/ksan.me\/index.php?rest_route=%2Fwp%2Fv2%2Fmedia&parent=1901"}],"curies":[{"name":"wp","href":"https:\/\/api.w.org\/{rel}","templated":true}]}}