{"id":2,"date":"2022-05-05T06:29:44","date_gmt":"2022-05-05T06:29:44","guid":{"rendered":"http:\/\/ksan.me\/?page_id=2"},"modified":"2022-05-31T18:53:25","modified_gmt":"2022-05-31T18:53:25","slug":"tim","status":"publish","type":"page","link":"https:\/\/ksan.me\/?page_id=2","title":{"rendered":"kSAN Tim"},"content":{"rendered":"\t\t<div data-elementor-type=\"wp-page\" data-elementor-id=\"2\" class=\"elementor elementor-2\">\n\t\t\t\t\t\t<section class=\"elementor-section elementor-top-section elementor-element elementor-element-32becc elementor-section-boxed elementor-section-height-default elementor-section-height-default\" data-id=\"32becc\" data-element_type=\"section\" data-e-type=\"section\">\n\t\t\t\t\t\t<div class=\"elementor-container elementor-column-gap-default\">\n\t\t\t\t\t<div class=\"elementor-column elementor-col-100 elementor-top-column elementor-element elementor-element-bbb245a\" data-id=\"bbb245a\" data-element_type=\"column\" data-e-type=\"column\">\n\t\t\t<div class=\"elementor-widget-wrap elementor-element-populated\">\n\t\t\t\t\t\t<div class=\"elementor-element elementor-element-3a883a49 elementor-widget elementor-widget-text-editor\" data-id=\"3a883a49\" data-element_type=\"widget\" data-e-type=\"widget\" data-widget_type=\"text-editor.default\">\n\t\t\t\t<div class=\"elementor-widget-container\">\n\t\t\t\t\t\t\t\t\t<p>Na\u0161 tim \u010dine mladi (studenti ili svr\u0161eni studenti) koji studiraju i \u017eive na prostoru Balkana i direktno u\u010destvuju u aktivnom \u017eivotu osnovaca i srednjo\u0161kolaca, koji su ujedno i dio ciljne grupe ovog udru\u017eenja.<\/p>\n<p>Kako su i na\u0161i \u010dlanovi, sami bili u istim godinama nedavno i borili se za ono za \u0161ta bi mladi trebali da se bore, za nauku, njenu primjenu i generalno edukaciju u \u0161irem smislu, uvi\u0111amo problem otu\u0111ivanja nauke i nau\u010dnih disciplina od prosje\u010dnog \u010dovjeka.<\/p>\t\t\t\t\t\t\t\t<\/div>\n\t\t\t\t<\/div>\n\t\t\t\t\t<\/div>\n\t\t<\/div>\n\t\t\t\t\t<\/div>\n\t\t<\/section>\n\t\t\t\t<section class=\"elementor-section elementor-top-section elementor-element elementor-element-296c8cb elementor-section-boxed elementor-section-height-default elementor-section-height-default\" data-id=\"296c8cb\" data-element_type=\"section\" data-e-type=\"section\">\n\t\t\t\t\t\t<div class=\"elementor-container elementor-column-gap-default\">\n\t\t\t\t\t<div class=\"elementor-column elementor-col-100 elementor-top-column elementor-element elementor-element-efbbc4c\" data-id=\"efbbc4c\" data-element_type=\"column\" data-e-type=\"column\">\n\t\t\t<div class=\"elementor-widget-wrap elementor-element-populated\">\n\t\t\t\t\t\t<div class=\"elementor-element elementor-element-a5052f1 elementor-arrows-position-inside elementor-pagination-position-outside elementor-widget elementor-widget-image-carousel\" data-id=\"a5052f1\" data-element_type=\"widget\" data-e-type=\"widget\" data-settings=\"{&quot;lazyload&quot;:&quot;yes&quot;,&quot;pause_on_hover&quot;:&quot;no&quot;,&quot;pause_on_interaction&quot;:&quot;no&quot;,&quot;autoplay_speed&quot;:900,&quot;speed&quot;:400,&quot;navigation&quot;:&quot;both&quot;,&quot;autoplay&quot;:&quot;yes&quot;,&quot;infinite&quot;:&quot;yes&quot;}\" data-widget_type=\"image-carousel.default\">\n\t\t\t\t<div class=\"elementor-widget-container\">\n\t\t\t\t\t\t\t<div class=\"elementor-image-carousel-wrapper swiper\" role=\"region\" aria-roledescription=\"carousel\" aria-label=\"Image Carousel\" dir=\"ltr\">\n\t\t\t<div class=\"elementor-image-carousel swiper-wrapper\" aria-live=\"off\">\n\t\t\t\t\t\t\t\t<div class=\"swiper-slide\" role=\"group\" aria-roledescription=\"slide\" aria-label=\"1 of 7\"><figure class=\"swiper-slide-inner\"><img class=\"swiper-slide-image swiper-lazy\" data-src=\"https:\/\/ksan.me\/wp-content\/uploads\/2022\/05\/sajt3-1024x1024.jpg\" alt=\"Milo\u0161 Jelovac\" \/><div class=\"swiper-lazy-preloader\"><\/div><figcaption class=\"elementor-image-carousel-caption\">Milo\u0161 Jelovac<\/figcaption><\/figure><\/div><div class=\"swiper-slide\" role=\"group\" aria-roledescription=\"slide\" aria-label=\"2 of 7\"><figure class=\"swiper-slide-inner\"><img class=\"swiper-slide-image swiper-lazy\" data-src=\"https:\/\/ksan.me\/wp-content\/uploads\/2022\/05\/sajt2-1024x1024.jpg\" alt=\"Andrijana Borovi\u0107\" \/><div class=\"swiper-lazy-preloader\"><\/div><figcaption class=\"elementor-image-carousel-caption\">Andrijana Borovi\u0107<\/figcaption><\/figure><\/div><div class=\"swiper-slide\" role=\"group\" aria-roledescription=\"slide\" aria-label=\"3 of 7\"><figure class=\"swiper-slide-inner\"><img class=\"swiper-slide-image swiper-lazy\" data-src=\"https:\/\/ksan.me\/wp-content\/uploads\/2022\/05\/sajt1-1024x1024.jpg\" alt=\"Teodora Jelovac\" \/><div class=\"swiper-lazy-preloader\"><\/div><figcaption class=\"elementor-image-carousel-caption\">Teodora Jelovac<\/figcaption><\/figure><\/div><div class=\"swiper-slide\" role=\"group\" aria-roledescription=\"slide\" aria-label=\"4 of 7\"><figure class=\"swiper-slide-inner\"><img class=\"swiper-slide-image swiper-lazy\" data-src=\"https:\/\/ksan.me\/wp-content\/uploads\/2022\/05\/sajt4-1024x1024.jpg\" alt=\"Boris Jovanovi\u0107\" \/><div class=\"swiper-lazy-preloader\"><\/div><figcaption class=\"elementor-image-carousel-caption\">Boris Jovanovi\u0107<\/figcaption><\/figure><\/div><div class=\"swiper-slide\" role=\"group\" aria-roledescription=\"slide\" aria-label=\"5 of 7\"><figure class=\"swiper-slide-inner\"><img class=\"swiper-slide-image swiper-lazy\" data-src=\"https:\/\/ksan.me\/wp-content\/uploads\/2022\/05\/sajt5-1024x1024.jpg\" alt=\"Aleksa Radenovi\u0107\" \/><div class=\"swiper-lazy-preloader\"><\/div><figcaption class=\"elementor-image-carousel-caption\">Aleksa Radenovi\u0107<\/figcaption><\/figure><\/div><div class=\"swiper-slide\" role=\"group\" aria-roledescription=\"slide\" aria-label=\"6 of 7\"><figure class=\"swiper-slide-inner\"><img class=\"swiper-slide-image swiper-lazy\" data-src=\"https:\/\/ksan.me\/wp-content\/uploads\/2022\/05\/sajt6-1024x1024.jpg\" alt=\"Ratko \u0160ljuki\u0107\" \/><div class=\"swiper-lazy-preloader\"><\/div><figcaption class=\"elementor-image-carousel-caption\">Ratko \u0160ljuki\u0107<\/figcaption><\/figure><\/div><div class=\"swiper-slide\" role=\"group\" aria-roledescription=\"slide\" aria-label=\"7 of 7\"><figure class=\"swiper-slide-inner\"><img class=\"swiper-slide-image swiper-lazy\" data-src=\"https:\/\/ksan.me\/wp-content\/uploads\/2022\/05\/sajt8-1024x1024.jpg\" alt=\"Sa\u0161a Jankovi\u0107\" \/><div class=\"swiper-lazy-preloader\"><\/div><figcaption class=\"elementor-image-carousel-caption\">Sa\u0161a Jankovi\u0107<\/figcaption><\/figure><\/div>\t\t\t<\/div>\n\t\t\t\t\t\t\t\t\t\t\t\t<div class=\"elementor-swiper-button elementor-swiper-button-prev\" role=\"button\" tabindex=\"0\">\n\t\t\t\t\t\t<i aria-hidden=\"true\" class=\"eicon-chevron-left\"><\/i>\t\t\t\t\t<\/div>\n\t\t\t\t\t<div class=\"elementor-swiper-button elementor-swiper-button-next\" role=\"button\" tabindex=\"0\">\n\t\t\t\t\t\t<i aria-hidden=\"true\" class=\"eicon-chevron-right\"><\/i>\t\t\t\t\t<\/div>\n\t\t\t\t\n\t\t\t\t\t\t\t\t\t<div class=\"swiper-pagination\"><\/div>\n\t\t\t\t\t\t\t\t\t<\/div>\n\t\t\t\t\t\t<\/div>\n\t\t\t\t<\/div>\n\t\t\t\t\t<\/div>\n\t\t<\/div>\n\t\t\t\t\t<\/div>\n\t\t<\/section>\n\t\t\t\t<\/div>\n\t\t","protected":false},"excerpt":{"rendered":"<p>Na\u0161 tim \u010dine mladi (studenti ili svr\u0161eni studenti) koji studiraju i \u017eive na prostoru Balkana i direktno u\u010destvuju u aktivnom \u017eivotu osnovaca i srednjo\u0161kolaca, koji su ujedno i dio ciljne grupe ovog udru\u017eenja. Kako su i na\u0161i \u010dlanovi, sami bili u istim godinama nedavno i borili se za ono za \u0161ta bi mladi trebali da &hellip;<\/p>\n<p class=\"read-more\"> <a class=\"\" href=\"https:\/\/ksan.me\/?page_id=2\"> <span class=\"screen-reader-text\">kSAN Tim<\/span> Read More &raquo;<\/a><\/p>\n","protected":false},"author":1,"featured_media":0,"parent":0,"menu_order":0,"comment_status":"closed","ping_status":"closed","template":"","meta":{"om_disable_all_campaigns":false,"_monsterinsights_skip_tracking":false,"_monsterinsights_sitenote_active":false,"_monsterinsights_sitenote_note":"","_monsterinsights_sitenote_category":0,"site-sidebar-layout":"default","site-content-layout":"default","ast-main-header-display":"","ast-hfb-above-header-display":"","ast-hfb-below-header-display":"","ast-hfb-mobile-header-display":"","site-post-title":"","ast-breadcrumbs-content":"","ast-featured-img":"","footer-sml-layout":"","theme-transparent-header-meta":"","adv-header-id-meta":"","stick-header-meta":"","header-above-stick-meta":"","header-main-stick-meta":"","header-below-stick-meta":"","footnotes":""},"class_list":["post-2","page","type-page","status-publish","hentry"],"aioseo_notices":[],"yoast_head":"<!-- This site is optimized with the Yoast SEO plugin v27.3 - https:\/\/yoast.com\/product\/yoast-seo-wordpress\/ -->\n<title>kSAN Tim - www.ksan.me<\/title>\n<meta name=\"robots\" content=\"index, follow, max-snippet:-1, max-image-preview:large, max-video-preview:-1\" \/>\n<link rel=\"canonical\" href=\"https:\/\/ksan.me\/?page_id=2\" \/>\n<meta property=\"og:locale\" content=\"en_US\" \/>\n<meta property=\"og:type\" content=\"article\" \/>\n<meta property=\"og:title\" content=\"kSAN Tim - www.ksan.me\" \/>\n<meta property=\"og:description\" content=\"Na\u0161 tim \u010dine mladi (studenti ili svr\u0161eni studenti) koji studiraju i \u017eive na prostoru Balkana i direktno u\u010destvuju u aktivnom \u017eivotu osnovaca i srednjo\u0161kolaca, koji su ujedno i dio ciljne grupe ovog udru\u017eenja. Kako su i na\u0161i \u010dlanovi, sami bili u istim godinama nedavno i borili se za ono za \u0161ta bi mladi trebali da &hellip; kSAN Tim Read More &raquo;\" \/>\n<meta property=\"og:url\" content=\"https:\/\/ksan.me\/?page_id=2\" \/>\n<meta property=\"og:site_name\" content=\"www.ksan.me\" \/>\n<meta property=\"article:modified_time\" content=\"2022-05-31T18:53:25+00:00\" \/>\n<meta property=\"og:image\" content=\"http:\/\/ksan.me\/wp-content\/uploads\/2022\/05\/sajt3-1024x1024.jpg\" \/>\n<meta name=\"twitter:card\" content=\"summary_large_image\" \/>\n<meta name=\"twitter:label1\" content=\"Est. reading time\" \/>\n\t<meta name=\"twitter:data1\" content=\"1 minute\" \/>\n<script type=\"application\/ld+json\" class=\"yoast-schema-graph\">{\"@context\":\"https:\\\/\\\/schema.org\",\"@graph\":[{\"@type\":\"WebPage\",\"@id\":\"https:\\\/\\\/ksan.me\\\/?page_id=2\",\"url\":\"https:\\\/\\\/ksan.me\\\/?page_id=2\",\"name\":\"kSAN Tim - www.ksan.me\",\"isPartOf\":{\"@id\":\"https:\\\/\\\/ksan.me\\\/#website\"},\"primaryImageOfPage\":{\"@id\":\"https:\\\/\\\/ksan.me\\\/?page_id=2#primaryimage\"},\"image\":{\"@id\":\"https:\\\/\\\/ksan.me\\\/?page_id=2#primaryimage\"},\"thumbnailUrl\":\"http:\\\/\\\/ksan.me\\\/wp-content\\\/uploads\\\/2022\\\/05\\\/sajt3-1024x1024.jpg\",\"datePublished\":\"2022-05-05T06:29:44+00:00\",\"dateModified\":\"2022-05-31T18:53:25+00:00\",\"breadcrumb\":{\"@id\":\"https:\\\/\\\/ksan.me\\\/?page_id=2#breadcrumb\"},\"inLanguage\":\"en-US\",\"potentialAction\":[{\"@type\":\"ReadAction\",\"target\":[\"https:\\\/\\\/ksan.me\\\/?page_id=2\"]}]},{\"@type\":\"ImageObject\",\"inLanguage\":\"en-US\",\"@id\":\"https:\\\/\\\/ksan.me\\\/?page_id=2#primaryimage\",\"url\":\"https:\\\/\\\/ksan.me\\\/wp-content\\\/uploads\\\/2022\\\/05\\\/sajt3.jpg\",\"contentUrl\":\"https:\\\/\\\/ksan.me\\\/wp-content\\\/uploads\\\/2022\\\/05\\\/sajt3.jpg\",\"width\":1080,\"height\":1080,\"caption\":\"Milo\u0161 Jelovac\"},{\"@type\":\"BreadcrumbList\",\"@id\":\"https:\\\/\\\/ksan.me\\\/?page_id=2#breadcrumb\",\"itemListElement\":[{\"@type\":\"ListItem\",\"position\":1,\"name\":\"Home\",\"item\":\"https:\\\/\\\/ksan.me\\\/\"},{\"@type\":\"ListItem\",\"position\":2,\"name\":\"kSAN Tim\"}]},{\"@type\":\"WebSite\",\"@id\":\"https:\\\/\\\/ksan.me\\\/#website\",\"url\":\"https:\\\/\\\/ksan.me\\\/\",\"name\":\"www.ksan.me\",\"description\":\"NVU Korak sa naukom\",\"publisher\":{\"@id\":\"https:\\\/\\\/ksan.me\\\/#organization\"},\"potentialAction\":[{\"@type\":\"SearchAction\",\"target\":{\"@type\":\"EntryPoint\",\"urlTemplate\":\"https:\\\/\\\/ksan.me\\\/?s={search_term_string}\"},\"query-input\":{\"@type\":\"PropertyValueSpecification\",\"valueRequired\":true,\"valueName\":\"search_term_string\"}}],\"inLanguage\":\"en-US\"},{\"@type\":\"Organization\",\"@id\":\"https:\\\/\\\/ksan.me\\\/#organization\",\"name\":\"www.ksan.me\",\"url\":\"https:\\\/\\\/ksan.me\\\/\",\"logo\":{\"@type\":\"ImageObject\",\"inLanguage\":\"en-US\",\"@id\":\"https:\\\/\\\/ksan.me\\\/#\\\/schema\\\/logo\\\/image\\\/\",\"url\":\"https:\\\/\\\/ksan.me\\\/wp-content\\\/uploads\\\/2022\\\/05\\\/cropped-KSAN-Logo-polo-majica-naprijed-.png\",\"contentUrl\":\"https:\\\/\\\/ksan.me\\\/wp-content\\\/uploads\\\/2022\\\/05\\\/cropped-KSAN-Logo-polo-majica-naprijed-.png\",\"width\":1333,\"height\":444,\"caption\":\"www.ksan.me\"},\"image\":{\"@id\":\"https:\\\/\\\/ksan.me\\\/#\\\/schema\\\/logo\\\/image\\\/\"}}]}<\/script>\n<!-- \/ Yoast SEO plugin. -->","yoast_head_json":{"title":"kSAN Tim - www.ksan.me","robots":{"index":"index","follow":"follow","max-snippet":"max-snippet:-1","max-image-preview":"max-image-preview:large","max-video-preview":"max-video-preview:-1"},"canonical":"https:\/\/ksan.me\/?page_id=2","og_locale":"en_US","og_type":"article","og_title":"kSAN Tim - www.ksan.me","og_description":"Na\u0161 tim \u010dine mladi (studenti ili svr\u0161eni studenti) koji studiraju i \u017eive na prostoru Balkana i direktno u\u010destvuju u aktivnom \u017eivotu osnovaca i srednjo\u0161kolaca, koji su ujedno i dio ciljne grupe ovog udru\u017eenja. Kako su i na\u0161i \u010dlanovi, sami bili u istim godinama nedavno i borili se za ono za \u0161ta bi mladi trebali da &hellip; kSAN Tim Read More &raquo;","og_url":"https:\/\/ksan.me\/?page_id=2","og_site_name":"www.ksan.me","article_modified_time":"2022-05-31T18:53:25+00:00","og_image":[{"url":"http:\/\/ksan.me\/wp-content\/uploads\/2022\/05\/sajt3-1024x1024.jpg","type":"","width":"","height":""}],"twitter_card":"summary_large_image","twitter_misc":{"Est. reading time":"1 minute"},"schema":{"@context":"https:\/\/schema.org","@graph":[{"@type":"WebPage","@id":"https:\/\/ksan.me\/?page_id=2","url":"https:\/\/ksan.me\/?page_id=2","name":"kSAN Tim - www.ksan.me","isPartOf":{"@id":"https:\/\/ksan.me\/#website"},"primaryImageOfPage":{"@id":"https:\/\/ksan.me\/?page_id=2#primaryimage"},"image":{"@id":"https:\/\/ksan.me\/?page_id=2#primaryimage"},"thumbnailUrl":"http:\/\/ksan.me\/wp-content\/uploads\/2022\/05\/sajt3-1024x1024.jpg","datePublished":"2022-05-05T06:29:44+00:00","dateModified":"2022-05-31T18:53:25+00:00","breadcrumb":{"@id":"https:\/\/ksan.me\/?page_id=2#breadcrumb"},"inLanguage":"en-US","potentialAction":[{"@type":"ReadAction","target":["https:\/\/ksan.me\/?page_id=2"]}]},{"@type":"ImageObject","inLanguage":"en-US","@id":"https:\/\/ksan.me\/?page_id=2#primaryimage","url":"https:\/\/ksan.me\/wp-content\/uploads\/2022\/05\/sajt3.jpg","contentUrl":"https:\/\/ksan.me\/wp-content\/uploads\/2022\/05\/sajt3.jpg","width":1080,"height":1080,"caption":"Milo\u0161 Jelovac"},{"@type":"BreadcrumbList","@id":"https:\/\/ksan.me\/?page_id=2#breadcrumb","itemListElement":[{"@type":"ListItem","position":1,"name":"Home","item":"https:\/\/ksan.me\/"},{"@type":"ListItem","position":2,"name":"kSAN Tim"}]},{"@type":"WebSite","@id":"https:\/\/ksan.me\/#website","url":"https:\/\/ksan.me\/","name":"www.ksan.me","description":"NVU Korak sa naukom","publisher":{"@id":"https:\/\/ksan.me\/#organization"},"potentialAction":[{"@type":"SearchAction","target":{"@type":"EntryPoint","urlTemplate":"https:\/\/ksan.me\/?s={search_term_string}"},"query-input":{"@type":"PropertyValueSpecification","valueRequired":true,"valueName":"search_term_string"}}],"inLanguage":"en-US"},{"@type":"Organization","@id":"https:\/\/ksan.me\/#organization","name":"www.ksan.me","url":"https:\/\/ksan.me\/","logo":{"@type":"ImageObject","inLanguage":"en-US","@id":"https:\/\/ksan.me\/#\/schema\/logo\/image\/","url":"https:\/\/ksan.me\/wp-content\/uploads\/2022\/05\/cropped-KSAN-Logo-polo-majica-naprijed-.png","contentUrl":"https:\/\/ksan.me\/wp-content\/uploads\/2022\/05\/cropped-KSAN-Logo-polo-majica-naprijed-.png","width":1333,"height":444,"caption":"www.ksan.me"},"image":{"@id":"https:\/\/ksan.me\/#\/schema\/logo\/image\/"}}]}},"_links":{"self":[{"href":"https:\/\/ksan.me\/index.php?rest_route=\/wp\/v2\/pages\/2","targetHints":{"allow":["GET"]}}],"collection":[{"href":"https:\/\/ksan.me\/index.php?rest_route=\/wp\/v2\/pages"}],"about":[{"href":"https:\/\/ksan.me\/index.php?rest_route=\/wp\/v2\/types\/page"}],"author":[{"embeddable":true,"href":"https:\/\/ksan.me\/index.php?rest_route=\/wp\/v2\/users\/1"}],"replies":[{"embeddable":true,"href":"https:\/\/ksan.me\/index.php?rest_route=%2Fwp%2Fv2%2Fcomments&post=2"}],"version-history":[{"count":28,"href":"https:\/\/ksan.me\/index.php?rest_route=\/wp\/v2\/pages\/2\/revisions"}],"predecessor-version":[{"id":738,"href":"https:\/\/ksan.me\/index.php?rest_route=\/wp\/v2\/pages\/2\/revisions\/738"}],"wp:attachment":[{"href":"https:\/\/ksan.me\/index.php?rest_route=%2Fwp%2Fv2%2Fmedia&parent=2"}],"curies":[{"name":"wp","href":"https:\/\/api.w.org\/{rel}","templated":true}]}}